{"id":5211,"date":"2023-11-16T15:20:44","date_gmt":"2023-11-16T14:20:44","guid":{"rendered":"https:\/\/fifdh.org\/?post_type=ressources&#038;p=5211"},"modified":"2023-11-17T11:41:26","modified_gmt":"2023-11-17T10:41:26","slug":"decolonise-the-city-s1-e1","status":"publish","type":"ressources","link":"https:\/\/fifdh.org\/en\/resources\/decolonise-the-city-s1-e1\/","title":{"rendered":"Decolonise the city &#8211; S1 E1 &#8211; Construct racism"},"content":{"rendered":"<p><iframe title=\"D\u00e9coloniser la ville, #1: CONSTRUIRE LE RACISME\" src=\"https:\/\/www.buzzsprout.com\/2076886\/11729353-1-construire-le-racisme?client_source=small_player&amp;iframe=true&amp;referrer=https:\/\/www.buzzsprout.com\/2076886.js?container_id=buzzsprout-small-player&amp;player=small\" width=\"100%\" height=\"200\" frameborder=\"0\" scrolling=\"no\"><span data-mce-type=\"bookmark\" style=\"display: inline-block; width: 0px; overflow: hidden; line-height: 0;\" class=\"mce_SELRES_start\">\ufeff<\/span><span data-mce-type=\"bookmark\" style=\"display: inline-block; width: 0px; overflow: hidden; line-height: 0;\" class=\"mce_SELRES_start\">\ufeff<\/span><\/iframe><\/p>\n<p>What are the origins of racism? How did the notion of race become established? How was the boundary between &#8220;black&#8221; and &#8220;white&#8221; invented during the expansion of the transatlantic slave trade in the 18th century?<\/p>\n<p>With Nicolas Bancel, Doudou Di\u00e8ne, Mohammad-Mahmoud Ould Mohamedou, Davide Rodogno, Aline Zuber.<\/p>\n<p>Interview in French<\/p>\n<p><strong>Warning<\/strong>: This program includes readings of texts with racist, negative or discriminatory content towards certain peoples and cultures.<\/p>\n<p>The authors of the program consider them to be wrong both at the time of their publication and today, and warn that they may offend the sensibilities of certain audiences.<\/p>\n<hr \/>\n<div class=\"podcast-container\">\n<div class=\"podcast-description\">\n<h4>More about Decolonise the city<\/h4>\n<\/div>\n<p>What should be done about tributes paid in the public space to personalities who promoted racism and colonialism? Why is it imperative to decolonise our cities?<\/p>\n<p>In 6 episodes, this documentary podcast invites anti-racist researchers and activists to question racist and colonial memory in the public space in its cultural, political and social dimensions.<\/p>\n<p><em>Decolonise the city<\/em>, a\u00a0<a href=\"mailto:https:\/\/www.chahut.ch\" target=\"_blank\" rel=\"noopener\">Chahut Media<\/a>\u00a0creation, inspired by the study &#8220;<a href=\"https:\/\/www.geneve.ch\/sites\/default\/files\/2022-03\/monuments-heritage-raciste-colonial-espace-public-etude-2022-ville-geneve.pdf\" target=\"_blank\" rel=\"noopener noreferrer\">Temps, espaces et histoires. Monuments and racist and colonial heritage in the Geneva public space<\/a>&#8221; by Mohammad-Mahmoud Ould Mohamedou and Davide Rodogno<\/p>\n<\/div>\n<div class=\"podcast-container\">\n<p><b style=\"background-color: var(--bs-body-bg); color: var(--bs-body-color); font-family: var(--bs-body-font-family); font-size: var(--bs-body-font-size); text-align: var(--bs-body-text-align);\">Credits<\/b><span style=\"background-color: var(--bs-body-bg); color: var(--bs-body-color); font-family: var(--bs-body-font-family); font-size: var(--bs-body-font-size); font-weight: var(--bs-body-font-weight); text-align: var(--bs-body-text-align);\">:<\/span><\/p>\n<div class=\"podcast-description\">\n<ul>\n<li>Interview, production: David Brun-Lambert and Carole Harari<\/li>\n<li>Scientific consultants: Mohammad-Mahmoud Ould Mohamedou and Davide Rodogno<\/li>\n<li>Reporting, additional interviews: Camille Kaiser<\/li>\n<li>Theme music: L\u00e9onie Pernet<\/li>\n<li>Mixing: Allan Mantilleri (Cornland Studio)<\/li>\n<li>Illustration, graphic design: Ramon Vall\u00e9<\/li>\n<\/ul>\n<p><strong>Invited<\/strong>: Carine Ay\u00e9l\u00e9 Durand, Nicolas Bancel, Helen Bieri Thomson, Rokhaya Diallo, Doudou Di\u00e8ne, Thomas Facchinetti, Alfonso Gomez, Sami Kanaan, Chantal Lafontant Vallotton, Rachel M&#8217;Bon, Mohamed Mahmoud Ould Mohamedou, Kanyana Mutombo, Pamela Ohene-Nyako, Mathias Pfund, Davide Rodogno, Bernhard Carlos Sch\u00e4r, Fran\u00e7oise Verg\u00e8s, Aline Zuber.<\/p>\n<p>A project supported by Loterie Romande, Service Agenda 21 \u2013 Ville durable, Bureau de l&#8217;int\u00e9gration des \u00e9trangers (BIE).<\/p>\n<p><strong>Partners<\/strong>: Geneva Graduate Institute, Festival du film et forum international sur les droits humains (FIFDH) , The Conversation<\/p>\n<\/div>\n<div class=\"podcast-description\">\n<p><strong>Acknowledgements<\/strong>: Robin Adet, Binge Audio and the &#8220;Kiffe ta race&#8221; podcast team, Bertrand Cassegrain, Chancellerie de la Ville de Neuch\u00e2tel, Marc Galvin, F\u00e9licien Mazzola, Mus\u00e9e d&#8217;ethnographie de Gen\u00e8ve (MEG), Marie-Laure Salles, Pascal Sauvain, Th\u00e9\u00e2tre du Gr\u00fctli (Barbara Giongo and Nataly Sugnaux Hernandez), City of Geneva.<\/p>\n<\/div>\n<p><a href=\"https:\/\/www.chahut.ch\/\">www.chahut.ch<\/a><\/p>\n<\/div>\n","protected":false},"featured_media":5083,"parent":0,"template":"","acf":[],"_links":{"self":[{"href":"https:\/\/fifdh.org\/en\/wp-json\/wp\/v2\/ressources\/5211","targetHints":{"allow":["GET"]}}],"collection":[{"href":"https:\/\/fifdh.org\/en\/wp-json\/wp\/v2\/ressources"}],"about":[{"href":"https:\/\/fifdh.org\/en\/wp-json\/wp\/v2\/types\/ressources"}],"wp:featuredmedia":[{"embeddable":true,"href":"https:\/\/fifdh.org\/en\/wp-json\/wp\/v2\/media\/5083"}],"wp:attachment":[{"href":"https:\/\/fifdh.org\/en\/wp-json\/wp\/v2\/media?parent=5211"}],"curies":[{"name":"wp","href":"https:\/\/api.w.org\/{rel}","templated":true}]}}

<p><iframe title="Décoloniser la ville, #1: CONSTRUIRE LE RACISME" src="https://www.buzzsprout.com/2076886/11729353-1-construire-le-racisme?client_source=small_player&amp;iframe=true&amp;referrer=https://www.buzzsprout.com/2076886.js?container_id=buzzsprout-small-player&amp;player=small" width="100%" height="200" frameborder="0" scrolling="no"><span data-mce-type="bookmark" style="display: inline-block; width: 0px; overflow: hidden; line-height: 0;" class="mce_SELRES_start">﻿</span><span data-mce-type="bookmark" style="display: inline-block; width: 0px; overflow: hidden; line-height: 0;" class="mce_SELRES_start">﻿</span></iframe></p>
<p>What are the origins of racism? How did the notion of race become established? How was the boundary between &#8220;black&#8221; and &#8220;white&#8221; invented during the expansion of the transatlantic slave trade in the 18th century?</p>
<p>With Nicolas Bancel, Doudou Diène, Mohammad-Mahmoud Ould Mohamedou, Davide Rodogno, Aline Zuber.</p>
<p>Interview in French</p>
<p><strong>Warning</strong>: This program includes readings of texts with racist, negative or discriminatory content towards certain peoples and cultures.</p>
<p>The authors of the program consider them to be wrong both at the time of their publication and today, and warn that they may offend the sensibilities of certain audiences.</p>
<hr />
<div class="podcast-container">
<div class="podcast-description">
<h4>More about Decolonise the city</h4>
</div>
<p>What should be done about tributes paid in the public space to personalities who promoted racism and colonialism? Why is it imperative to decolonise our cities?</p>
<p>In 6 episodes, this documentary podcast invites anti-racist researchers and activists to question racist and colonial memory in the public space in its cultural, political and social dimensions.</p>
<p><em>Decolonise the city</em>, a <a href="mailto:https://www.chahut.ch" target="_blank" rel="noopener">Chahut Media</a> creation, inspired by the study &#8220;<a href="https://www.geneve.ch/sites/default/files/2022-03/monuments-heritage-raciste-colonial-espace-public-etude-2022-ville-geneve.pdf" target="_blank" rel="noopener noreferrer">Temps, espaces et histoires. Monuments and racist and colonial heritage in the Geneva public space</a>&#8221; by Mohammad-Mahmoud Ould Mohamedou and Davide Rodogno</p>
</div>
<div class="podcast-container">
<p><b style="background-color: var(--bs-body-bg); color: var(--bs-body-color); font-family: var(--bs-body-font-family); font-size: var(--bs-body-font-size); text-align: var(--bs-body-text-align);">Credits</b><span style="background-color: var(--bs-body-bg); color: var(--bs-body-color); font-family: var(--bs-body-font-family); font-size: var(--bs-body-font-size); font-weight: var(--bs-body-font-weight); text-align: var(--bs-body-text-align);">:</span></p>
<div class="podcast-description">
<ul>
<li>Interview, production: David Brun-Lambert and Carole Harari</li>
<li>Scientific consultants: Mohammad-Mahmoud Ould Mohamedou and Davide Rodogno</li>
<li>Reporting, additional interviews: Camille Kaiser</li>
<li>Theme music: Léonie Pernet</li>
<li>Mixing: Allan Mantilleri (Cornland Studio)</li>
<li>Illustration, graphic design: Ramon Vallé</li>
</ul>
<p><strong>Invited</strong>: Carine Ayélé Durand, Nicolas Bancel, Helen Bieri Thomson, Rokhaya Diallo, Doudou Diène, Thomas Facchinetti, Alfonso Gomez, Sami Kanaan, Chantal Lafontant Vallotton, Rachel M&#8217;Bon, Mohamed Mahmoud Ould Mohamedou, Kanyana Mutombo, Pamela Ohene-Nyako, Mathias Pfund, Davide Rodogno, Bernhard Carlos Schär, Françoise Vergès, Aline Zuber.</p>
<p>A project supported by Loterie Romande, Service Agenda 21 – Ville durable, Bureau de l&#8217;intégration des étrangers (BIE).</p>
<p><strong>Partners</strong>: Geneva Graduate Institute, Festival du film et forum international sur les droits humains (FIFDH) , The Conversation</p>
</div>
<div class="podcast-description">
<p><strong>Acknowledgements</strong>: Robin Adet, Binge Audio and the &#8220;Kiffe ta race&#8221; podcast team, Bertrand Cassegrain, Chancellerie de la Ville de Neuchâtel, Marc Galvin, Félicien Mazzola, Musée d&#8217;ethnographie de Genève (MEG), Marie-Laure Salles, Pascal Sauvain, Théâtre du Grütli (Barbara Giongo and Nataly Sugnaux Hernandez), City of Geneva.</p>
</div>
<p><a href="https://www.chahut.ch/">www.chahut.ch</a></p>
</div>
